5) to base 10.
22782
-330102 (base 7) to base 14
-17039
Convert -1110110111100 (base 2) to base 6.
-55124
What is -1000011110010001110 (base 2) in base 10?
-277646
Convert -651263 (base 7) to base 4.
-123222311
210121102202102 (base 3) to base 4
223303221233
Convert 32001220331 (base 4) to base 11.
2091425
Convert 4b034 (base 14) to base 9.
310226
Convert 241bb (base 15) to base 5.
12141101
-10101001000001101110000 (base 2) to base 8
-25101560
What is 23231221122 (base 4) in base 2?
1011101101101001011010
Convert 178359 (base 12) to base 8.
1435365
Convert -8a9186 (base 12) to base 5.
-1031320224
What is -712260 (base 11) in base 2?
-100010111100010001000
-1110010010110010001 (base 2) to base 12
-1a7069
Convert -3ce92a (base 16) to base 15.
-53cb85
What is 1010101110001000001010 (base 2) in base 3?
12021210010002
-147756 (base 9) to base 10
-91014
-574557 (base 9) to base 16
-541e1
What is 818101 (base 10) in base 4?
3013232311
What is -34a61 (base 16) in base 12?
-a4969
What is -1434342433 (base 5) in base 6?
-213551051
a47899 (base 14) to base 16
54baaf
Convert -23160141 (base 7) to base 12.
-81b650
451910 (base 10) to base 16
6e546
Convert -34978 (base 14) to base 3.
-20111201020
Convert 15340440 (base 6) to base 15.
aa866
111111011010100100000 (base 2) to base 13
579a9c
-136434 (base 7) to base 6
-321413
3262461 (base 7) to base 9
672256
Convert -2c9b2 (base 13) to base 3.
-11022210210
8cdd7 (base 14) to base 5
41433433
Convert bb19d (base 14) to base 2.
1101110100111100111
64485 (base 13) to base 2
101100001011001011
-9c64f8 (base 16) to base 15
-d76d29
2c5e89 (base 15) to base 5
1022141104
164125 (base 8) to base 12
2a505
Convert -2515a4 (base 12) to base 16.
-9370c
What is -1654574 (base 10) in base 13?
-45c14c
What is -66231 (base 13) in base 7?
-1400100
Convert -9aca0e (base 15) to base 13.
-16b6890
What is -58295 (base 12) in base 4?
-130302101
-34084 (base 11) to base 3
-2111200101
What is -22322446 (base 8) in base 14?
-8d8c74
What is 11011001100101000 (base 2) in base 11?
76773
What is -22403750 (base 8) in base 10?
-4851688
1011103022 (base 4) to base 12
118322
Convert 230116 (base 7) to base 11.
28793
Convert 1827864 (base 9) to base 13.
29a6b2
What is 2103012211 (base 4) in base 15?
bd7dd
What is 25c02 (base 13) in base 4?
101013321
Convert -1107114 (base 8) to base 16.
-48e4c
442532 (base 9) to base 10
264332
10000110121 (base 3) to base 16
e7fd
What is 847a8 (base 12) in base 7?
1323050
What is 30311311233 (base 4) in base 15?
467620
-11111000000011 (base 2) to base 10
-15875
Convert -198dfa (base 16) to base 10.
-1674746
What is -58173 (base 13) in base 11?
-aa770
Convert -13232431 (base 5) to base 9.
-223103
304022411 (base 5) to base 4
10231300031
Convert -11340443 (base 6) to base 10.
-355275
-86b9b (base 12) to base 15
-37ade
-41add (base 14) to base 13
-57232
What is ac52 (base 13) in base 9?
36008
Convert 447666 (base 8) to base 2.
100100111110110110
260626 (base 9) to base 15
31c19
Convert -101011011100110100011100 (base 2) to base 4.
-223130310130
330331031 (base 5) to base 7
15023031
Convert 2220232 (base 4) to base 10.
10798
What is 111010010101100111101 (base 2) in base 8?
7225475
-4213231121 (base 5) to base 14
-123259a
-16643433 (base 7) to base 11
-a21009
What is 1022161 (base 7) in base 6?
2350301
-4255441 (base 6) to base 11
-133783
-12722120 (base 8) to base 15
-3b7692
What is 7c8278 (base 13) in base 7?
34105100
What is 11010101011000001 (base 2) in base 11?
75098
Convert 3997587 (base 10) to base 9.
7462583
Convert -4720114 (base 10) to base 9.
-8783701
13205612 (base 7) to base 16
127eda
Convert 22221101210100 (base 3) to base 15.
63cc99
-130bc4d (base 15) to base 2
-110100010010110101101000
-10011111100011001 (base 2) to base 14
-21aad
Convert -24124241 (base 5) to base 15.
-46431
What is 16b49 (base 12) in base 2?
111111111101001
Convert -101300313311 (base 4) to base 16.
-470df5
What is -481a66 (base 12) in base 5?
-244230322
67ee78 (base 15) to base 16
4bb372
What is 111101304 (base 5) in base 12?
1b62a0
-10111111001111010101 (base 2) to base 5
-200031232
What is 94101 (base 14) in base 4?
1113020311
-151ba65 (base 12) to base 13
-b67278
Convert -23354231 (base 6) to base 5.
-141334403
-274c01 (base 13) to base 7
-11050250
What is -1b8592b (base 12) in base 13?
-12b703b
Convert 3214100 (base 6) to base 10.
157716
Convert -11102333212 (base 4) to base 5.
-323413033
What is -1505877 (base 10) in base 9?
-2744606
What is -2042452 (base 10) in base 13?
-566869
-130401334 (base 5) to base 12
-269073
102222002101 (base 3) to base 11
150a5a
What is -1001110101100100 (base 2) in base 7?
-225320
What is -37827 (base 9) in base 15?
-7824
-222120201 (base 3) to base 2
-100101110110010
Convert 142511526 (base 7) to base 2.
100011110010010111000011
Convert 14410551 (base 6) to base 8.
1716743
What is -51450 (base 14) in base 10?
-195678
What is -100110110001001 (base 2) in base 3?
-1000020011
What is -25720241 (base 8) in base 11?
-3272685
Convert 894393 (base 12) to base 11.
1262473
What is 12010022000 (base 3) in base 7?
566634
Convert -45024 (base 7) to base 11.
-8577
Convert 11221033231 (base 4) to base 13.
3ca651
What is 5280160 (base 10) in base 14?
9b6384
What is -1570160 (base 8) in base 14?
-bba36
410001144 (base 5) to base 9
3070670
What is -957245 (base 10) in base 8?
-3515475
Convert -2895820 (base 11) to base 13.
-10507b4
-b1815 (base 13) to base 8
-1154452
Convert -110121002021 (base 3) to base 7.
-2051542
What is -42307 (base 12) in base 5?
-10234324
What is 5118b (base 14) in base 2?
101111101001000111
Convert -1111102200001 (base 3) to base 12.
-32466a
55812 (base 14) to base 3
101112110220
What is 188070 (base 10) in base 7?
1412211
-6759404 (base 10) to base 6
-400513312
What is 13122453 (base 7) in base 8?
4445653
Convert -338340 (base 14) to base 3.
-10021222100120
-3860e0 (base 16) to base 7
-43256026
-416b1 (base 13) to base 8
-345537
Convert -354300 (base 7) to base 10.
-63945
Convert -3210114 (base 6) to base 11.
-a7942
1104050430 (base 6) to base 10
11950578
What is -12400545 (base 6) in base 10?
-404561
Convert 8317f (base 16) to base 10.
536959
-432331003 (base 5) to base 7
-21430661
What is 225220350 (base 6) in base 10?
4170666
Convert 11144664 (base 8) to base 12.
983270
Convert -787540 (base 13) to base 5.
-1212000230
Convert -1a32b2 (base 13) to base 4.
-2202012221
Convert 189724 (base 10) to base 11.
11a5a7
Convert 1666222 (base 7) to base 11.
15067a
-11132110 (base 4) to base 3
-1010202101
1a62408 (base 11) to base 13
947a94
-24722514 (base 8) to base 6
-313254420
-10543504 (base 6) to base 2
-1001111010011100000
What is 105115 (base 8) in base 2?
1000101001001101
What is -133200001 (base 4) in base 7?
-1045111
1102011211 (base 3) to base 15
83a7
-5bdad1 (base 14) to base 15
-4232c6
-340100 (base 5) to base 7
-46460
What is -41306 (base 11) in base 15?
-12cc9
Convert 11212123 (base 5) to base 7.
600131
What is -b2ac6 (base 14) in base 10?
-430198
1020030300 (base 4) to base 11
192204
What is -64804 (base 12) in base 10?
-132484
What is 1d670 (base 14) in base 15?
174e2
73846 (base 10) to base 13
277c6
-2d435 (base 16) to base 14
-4b7c9
Convert -1b76c (base 15) to base 4.
-111311103
567377 (base 13) to base 12
82691b
Convert 274818 (base 11) to base 16.
69334
-3db9ae (base 16) to base 8
-17334656
What is 2303311300 (base 4) in base 7?
6155410
What is 12a565 (base 11) in base 14?
54663
What is 10c7c1 (base 15) in base 13?
220b4c
Convert -3402113324 (base 5) to base 15.
-9c48ae
Convert -5353511 (base 7) to base 12.
-275355
What is 3420122 (base 6) in base 8?
523222
What is 454755 (base 9) in base 13?
97082
What is 31623 (base 12) in base 10?
64827
What is 723250 (base 9) in base 4?
1220230323
What is 1bc003 (base 14) in base 9?
1773531
Convert 318015 (base 9) to base 6.
4021322
What is 26546731 (base 8) in base 3?
102012100011002
What is 19eae (base 16) in base 12?
51526
Convert 395881 (base 11) to base 13.
18a52c
Convert -13233142 (base 5) to base 14.
-36951
3b038 (base 13) to base 3
12120202021
Convert -958650 (base 11) to base 14.
-2bd101
Convert -11100010011011000 (base 2) to base 15.
-24538
220112011012 (base 3) to base 4
1311312113
What is 549b7 (base 14) in base 8?
62026